ate the highest common divisor of s and 4.
1
Suppose -2*d + 75 = 5*b, -4*d + 5*b - 63 + 198 = 0. Calculate the highest common divisor of d and 315.
35
Let u be 42 - (1 + -3)/(-1). Let l = u - 7. What is the highest common divisor of 3 and l?
3
Suppose -5*k - 55 = 30. Let j = 36 + k. What is the greatest common factor of 171 and j?
19
Suppose -9 = -q - 2*q. Suppose 1 = o + 3, -3*j - o = -43. Calculate the highest common divisor of q and j.
3
Let p(f) = f**3 - f**2 + f + 92. Let t be p(0). What is the highest common divisor of 23 and t?
23
Let n(k) = -k**2 - 7*k + 2. Let b be n(-6). Suppose 2*h - 18 + 2 = 0. Let d be 10/b + (-2)/h. Calculate the highest common divisor of d and 11.
1
Suppose 2*b = 608 + 348. Let i be b/8 + 2/8. What is the greatest common factor of i and 15?
15
Suppose 3*s - 106 - 59 = 0. Let q be (-7 - -1) + 5 + -5. Let v = q - -11. What is the greatest common divisor of s and v?
5
Let m be -5 + -2*(-3)/3. Let k = m - -9. What is the greatest common factor of 6 and k?
6
Suppose -4*r = -36 - 132. Calculate the highest common factor of 6 and r.
6
Let i be (-16)/(-6) + (-4)/6. Suppose -o + i = -0. Let t(j) = 3*j**2 - 2. Let b be t(-2). Calculate the highest common factor of o and b.
2
Suppose -d = -2*d + 60. What is the greatest common factor of d and 12?
12
Suppose -51 = -6*t + 15. Calculate the greatest common factor of 11 and t.
11
Suppose 0 = o - 0 - 5, v - 8 = -o. Suppose -v*p - 12 = 0, -5*p + 8 - 24 = y. Suppose 8 = 3*i - 10. Calculate the highest common factor of y and i.
2
Let q = -28 - -29. Suppose x - 2*u - 1 = -3, 5*x - 4*u + 4 = 0. Suppose -2 + x = k - r, k + 18 = 5*r. Calculate the highest common factor of q and k.
1
Suppose 1 = -5*h + 121. Suppose 5*d + 5*q = 70, 3*d - 14 - h = -2*q. What is the highest common factor of d and 10?
10
Let q(c) = 4*c**2 + 8*c + 6. Let k be q(-5). What is the greatest common divisor of 33 and k?
33
Suppose 29 = 3*c - 10. Suppose 4*v - v = -2*s + 269, 5*s = -5*v + 445. What is the highest common divisor of v and c?
13
Let m = 20 + -5. Let i be 1567/3 - 10/(-15). Let q be i/5 + (-6)/(-15). What is the greatest common factor of q and m?
15
Let i be (2 + -1)*-4 + -3 + 232. What is the greatest common factor of i and 25?
25
Let r = 5 + -1. Suppose 0 = -0*c + 3*c + 4*k - 2, -4*k - 12 = -r*c. Suppose c*f - f - 33 = 0. Calculate the greatest common divisor of f and 11.
11
Let u(k) = -k**2 - 6*k + 3. Let l be u(-5). Let r = 25 - 9. Let h be r/6 - (-4)/(-6). Calculate the highest common divisor of h and l.
2
Let q(h) = -h**3 - 8*h**2 - 5*h. Let c be q(-8). Calculate the greatest common divisor of c and 16.
8
Let w(a) = 2*a**2 - 9*a. Let h be w(5). Calculate the greatest common divisor of h and 1.
1
Suppose 0*y + 5*z = -y + 11, -2*z = 5*y - 9. Let d be -2 - 2*y/(-2). Let r be 1/((-2)/50)*d. What is the highest common factor of r and 5?
5
Suppose -4*d - 40 = -9*d. Let x be (d/6)/(4/24). Calculate the highest common factor of x and 72.
8
Let q be -7 + 5 + (19 - 1). Let j(w) = w**2 + 5*w + 4. Let k be j(-4). Let u = k - -2. Calculate the greatest common divisor of u and q.
2
Let g be (1 + 0)*4*1. Suppose 8*r = g*r + 572. Let q be (-1)/(-4) + 408/32. What is the highest common divisor of r and q?
13
Let z be ((-2)/(-3))/(-6 - 273/(-45)). What is the greatest common factor of z and 140?
10
Suppose 2*g = -3*c + 9, -g = 3*c - 0*c - 6. Let l be 17 + 2 + -2 + c. Calculate the highest common factor of l and 2.
2
Let d(k) = -k**3 + 2*k**2 + 3*k. Let s be d(-2). Calculate the highest common factor of 40 and s.
10
Let f(d) = d**2 - 5*d - 7. Let y be f(6). Let z be y/(24/26 - 1). Calculate the highest common divisor of z and 13.
13
Let m(t) = t**3 - 2*t**2 - 2*t. Let o be m(3). Let r be (-8 - -2) + o + 51. Suppose s = 4*s - r. What is the highest common factor of s and 24?
8
Let u = -89 - -134. Suppose -2*t - 3*t + u = 0. What is the highest common divisor of 27 and t?
9
Let v be -3*(0 - (0 + 1)). Let r = 11 + v. Suppose 3*n + 6 = 6*n. Calculate the greatest common divisor of r and n.
2
Let m be (-40)/(-1) - (6 + -6). Suppose 3*g - m = 80. Calculate the greatest common factor of g and 5.
5
Let n = -21 + 41. Suppose 2*z - 71 = -5*h, 0 = -h - h + 2*z + n. Calculate the highest common divisor of 52 and h.
13
Let x = 139 + -99. Calculate the greatest common divisor of 24 and x.
8
Let x(c) = c**3 + 17*c**2 - 18*c + 7. Let g be x(-18). What is the highest common factor of g and 21?
7
Let o be (18/12)/((-3)/(-8)). Suppose -2*c - 3*d = -90, -4*c - c + o*d = -271. Calculate the highest common factor of c and 34.
17
Suppose 3*o - 22 = 38. Let g = -119 - -199. Suppose 5*u + g = 9*u. Calculate the greatest common factor of u and o.
20
Let q(l) = -l**2 + l + 1. Let a(u) = u**3 + 9*u**2 - 6*u + 20. Let c(w) = -a(w) + 5*q(w). Let p be c(-15). What is the greatest common factor of p and 5?
5
Let t(b) = -7*b + 6. Let x(z) = 195*z - 169. Let g(p) = 169*t(p) + 6*x(p). Let c be g(-1). Let h = c - 7. Calculate the greatest common factor of h and 4.
2
Let d be (-1)/(-6)*-2*0. Suppose 0 = -d*o + o - 4. Let w(p) = 16*p. Let t be w(1). What is the highest common divisor of o and t?
4
Suppose -4*w + 54 = -6. Calculate the highest common divisor of w and 165.
15
Suppose -10 = -2*b + 2. Suppose o = -0*o - 5. Let d = o + 53. Calculate the greatest common factor of d and b.
6
Suppose -i + 81 = -4*i. Let k be 4/(-18) + (-6)/i. Suppose k = 2*d - 4*g - 30, 42 = 5*d - 5*g - 33. Calculate the greatest common divisor of 5 and d.
5
Let g be -4*(0 - 3/4). Suppose -g*z = 2*z - 10. What is the greatest common divisor of z and 5?
1
Let i(c) = -c**2 - 9*c. Let j be i(-9). Let y(t) = -t + 10. Let v be y(-7). Let z = v + j. What is the greatest common factor of z and 153?
17
Let h be 38/3*(-6)/(-4). Let s = 387 + -254. Calculate the highest common divisor of s and h.
19
Suppose -3*r + 39 = 3*a, -a = 4*r - 23 - 14. Calculate the greatest common divisor of r and 32.
8
Let a = -19 + 47. Let j = a + 37. Let t(y) = -y**3 - 7*y**2 - 9*y - 5. Let z be t(-6). Calculate the highest common divisor of z and j.
13
Let y(x) = -x**3 + 4*x**2 + 5*x + 4. Let n be y(5). Calculate the highest common divisor of n and 32.
4
Let o(z) = -z**3 - 12*z + 10 - 6*z**2 - 20 - 5*z**2. Let t be o(-10). Calculate the highest common factor of t and 110.
10
Let y be 4/(-14) + 16/7. Let b(h) = -h**2 + 3*h + 2. Let m be b(y). Let t be (m/(-6))/((-4)/6). What is the greatest common divisor of 2 and t?
1
Let x(f) = 7*f + 2*f**2 + f**2 + 4 - 4*f**2. Let m be x(7). Let g = 10 - m. Calculate the highest common divisor of 15 and g.
3
Suppose 0 = -3*m - 0*m - 18. Let o = m + 8. Let x be (-2 - (-11 + -2))*o. What is the highest common factor of 242 and x?
22
Let g(q) = 2*q**2 - 5*q - 4. Let f be g(5). Suppose -2*d + 1149 = 5*h - 0*d, -3*d = -2*h + 471. Calculate the greatest common divisor of f and h.
21
Suppose 5*y = -4*s + 43, 3*y = 2*y - 2*s + 5. What is the greatest common divisor of 143 and y?
11
Suppose -2*l = -4*a - 6, -3*l + 2*l = 5*a - 10. Suppose -4*i + l*q = -235, 0 = 3*i + q - 2*q - 179. What is the highest common factor of i and 40?
20
Let b(z) = -5*z - 8. Let d be b(-6). Let y be 1/(3/1 - 4). Let m be (1/5 + y)*-55. Calculate the highest common factor of d and m.
22
Suppose 3 = h - 4*f, -3*h = -4*h + 5*f + 3. What is the greatest common divisor of 1 and h?
1
Suppose 10*m - 4586 = 144. Calculate the greatest common divisor of 43 and m.
43
Suppose 0 = -4*c - 3 + 11. Calculate the highest common divisor of c and 16.
2
Let y(h) = h**2 - 6*h - 5. Let o be y(7). Suppose 4*w - 659 = -5*l, -o*w + 5*l + 307 = -0*w. What is the highest common divisor of 23 and w?
23
Let x be ((-160)/6)/(4/(-12)). Calculate the highest common factor of x and 10.
10
Let z(q) = 74*q - 4. Let w be z(2). Suppose -5*l = -2*l - w. Calculate the highest common divisor of 6 and l.
6
Let p be (-258)/(-4) + (-6)/4. What is the highest common divisor of 7 and p?
7
Let g = 18 + -16. What is the highest common divisor of 2 and g?
2
Let b = -50 - -24. Let x be 4/(-1 - b/22). Calculate the greatest common factor of 33 and x.
11
Suppose t + 3*u + u + 23 = 0, -3*t = 4*u + 37. Let z = -6 - t. What is the highest common divisor of z and 1?
1
Let p be (2 + -8)*(-56)/3. Calculate the greatest common factor of p and 16.
16
Let f